= -1078*t**3 - 126*t - 125. What is the remainder when s(-1) is divided by 220?
199
Let p(w) = -w + 20. Let u(x) = -12*x - 79. Let n be u(-6). Calculate the remainder when 512 is divided by p(n).
26
Suppose 16*h - 4466 = -2*a, -610*h + 605*h + 1417 = 3*a. Suppose -3*b = -c - 218, -b + 37 = 2*c - 31. Calculate the remainder when h is divided by b.
62
Suppose 2096*b - 53820 = 2078*b. What is the remainder when b is divided by 73?
70
Let i(b) = -400*b + 8. Let w be i(-1). Suppose -4*h = -w - 80. What is the remainder when h is divided by 18?
14
Let b be 5*(-2)/10*-15. Suppose -2*a + 148 = 5*k, 3*a - 72 - b = -3*k. What is the remainder when 236 is divided by k?
26
Let p(z) = -z**2 + 16*z - 16. Let x be p(14). Suppose 6*f - 900 = -x*f. Calculate the remainder when 248 is divided by f.
48
What is the remainder when 439 is divided by (0 + (-5)/(-70) + 16/(-28))*-212?
15
Suppose -2*m = m - 888. Suppose 99 = 5*b - 6*d, 55*b - 4*d - 63 = 52*b. What is the remainder when m is divided by b?
8
Suppose -d = -g - 31, d + 5*g - 24 = -35. Suppose 0 = -2*c + 14 + 10. What is the remainder when d is divided by c?
0
Let k be 3730/(-85) + (-2)/17. Let t(f) = -17*f**3 + f**2 + f. What is the remainder when k*(-1)/((-16)/(-12)) is divided by t(-1)?
16
Suppose 4*a = -z + 277, 3*z - 200 = -2*a - 49. Suppose -5*b + 4*y + 156 = 0, -3*y - a = -2*b - 0*y. Calculate the remainder when b is divided by 4.
0
Let b(w) = 38*w**2 - 320*w - 33. What is the remainder when b(13) is divided by 9?
6
Calculate the remainder when 57 is divided by (-4)/(-26) + 720/52.
1
Let i(y) = 13*y**2 - 2*y - 1. Suppose 15*l = 12*l. Suppose 2*g - 4 + 6 = l. What is the remainder when 25 is divided by i(g)?
11
Let d(b) = 21*b**2 - 10*b + 13. Let g be d(4). Let x = g + -278. Calculate the remainder when 123 is divided by x.
30
Let h(n) = 39*n - 21. Let v(a) = 20*a - 11. Let y(i) = -4*h(i) + 7*v(i). Let p = 41 + -20. Calculate the remainder when y(-2) is divided by p.
18
Let r = 6638 - 6591. Calculate the remainder when 1268 is divided by r.
46
Let h(u) = 14*u**3 + 17*u**2 - 73*u + 89. What is the remainder when h(7) is divided by 32?
29
What is the remainder when (-147486)/(-705) - (6/(-70) + 16/56) is divided by 52?
1
Let t = 0 - -7. Let x = -4608 + 4614. What is the remainder when t is divided by x?
1
Let c(d) = 2*d**3 - 2*d**2 + 152*d + 7503. What is the remainder when c(0) is divided by 112?
111
What is the remainder when ((-609)/(-12) + 3/12)*1 is divided by (-177)/(-6) + (-12)/144*-6?
21
Suppose 15*k - 7 = -14*k + 167. Calculate the remainder when 65 is divided by k.
5
Calculate the remainder when (1974/21)/(((-8)/(-70))/((-20)/(-14))) is divided by 10.
5
Suppose 36*m + 540 = 9*m. Calculate the remainder when 21 is divided by 4/2 - (18 + m).
1
Let h(f) = -14*f**2 - 160*f - 26. What is the remainder when 677 is divided by h(-11)?
37
Suppose -5*f + 47 = -128. Suppose -641 - 755 = -133*v - 66. What is the remainder when f is divided by v?
5
Suppose 130 = -7*f + 942. Suppose -2*o + 5*d + f = 2*d, -4*d = -3*o + 172. Calculate the remainder when 102 is divided by o.
50
Suppose 97 + 129 = -2*h. Let m = h - -133. What is the remainder when 157 is divided by m?
17
Suppose -3*v = -6*v - 5*r + 31, -3*v + 11 = -5*r. Let z = 33944 - 33883. Calculate the remainder when z is divided by v.
5
Suppose 0 = -15*b + 97 - 181 + 114. Let n = -4 - -8. What is the remainder when n is divided by b?
0
Suppose 0 = 12*y - 20*y + 32. Let i(g) = -g**3 + 2*g**2 + 11*g + 8. What is the remainder when i(y) is divided by 13?
7
Let j = -47 - -94. Let r = 389 + -415. Let i(y) = -2*y - 47. Calculate the remainder when j is divided by i(r).
2
Let b(j) = -j**3 - 11*j**2 - 14*j - 39. Let k = -412 - -402. What is the remainder when 6 is divided by b(k)?
0
Let h(s) be the second derivative of 2/3*s**3 - 15*s + 0 - 17/2*s**2. What is the remainder when h(6) is divided by 2?
1
Let i be 294/28*(-14)/(-3). Let n = i + 56. Calculate the remainder when n is divided by 27.
24
Let p = 141 + -129. Suppose -5*z + p = -3*z. What is the remainder when 90/8 + 2/(-8) is divided by z?
5
What is the remainder when 38 is divided by (-45)/12*(-176)/66?
8
Calculate the remainder when (((-200)/16)/25)/(-2 + 3310/1656) is divided by 68.
6
Suppose 14*n = -1482 + 3246. Calculate the remainder when n is divided by 69.
57
Suppose 5*h - 339 = -114. Let d be 846/h - 2/(-10). Suppose -2*b + d = -83. What is the remainder when b is divided by 19?
13
Calculate the remainder when 1 + 0 + -5 + 130 is divided by 0 - (-3 - ((-3)/2)/(11/(-220))).
27
Let v(z) = -3*z - 1. Let i(p) = -3*p**2 + 102*p - 21. Let y(l) = l**3 - 2*l**2 + 3*l + 33. Let f be y(0). What is the remainder when i(f) is divided by v(-7)?
18
Let v = -252 + 575. Let b = v + -244. What is the remainder when b is divided by 16?
15
Let j = 44 - 30. Suppose 3491 - 1874 = 49*o. Calculate the remainder when o is divided by j.
5
Suppose -i - 2*i + 282 = 0. Calculate the remainder when i is divided by (-2484)/(-78) + (6/(-13))/(-3).
30
Suppose -14*f - 66 + 360 = 0. Calculate the remainder when 37 is divided by ((-6)/f)/(30/(-1995)).
18
Let j be (425/(-50))/((-2)/76). Suppose -5*a + 24*a - j = 0. Calculate the remainder when 492 is divided by a.
16
Suppose 11042 = -45*y + 14282. Calculate the remainder when 301 is divided by y.
13
Let f be 1 + 46 + (-3)/((-3)/4). Let d = f - 33. Let o(s) = 2*s**2 + 9*s - 13. What is the remainder when o(-9) is divided by d?
14
Suppose 97*t - 96*t = -470. Let b = t + 773. Calculate the remainder when b is divided by 39.
30
Calculate the remainder when 4 + 0 - 460404/(-145) - (-2)/(-10) is divided by 60.
59
Calculate the remainder when (5/80*-268)/((-4)/48) is divided by 85.
31
Let i(d) = 28*d + 4. Let r be i(3). What is the remainder when r/(-572) + (-4370)/(-13) is divided by 57?
51
Suppose 5*q - 22 - 23 = 0. Suppose 0 = -766*d + 86*d + 11374 + 41666. What is the remainder when d is divided by q?
6
Let w(j) = -j**3 + 6*j**2 - 5*j + 2. Let b be w(6). Let u = 25 + b. Calculate the remainder when 37 is divided by 2/(u + (-5)/(-1)) + 4.
2
Let m = -8 + -76. Calculate the remainder when 334 is divided by (-4 + 16/4)/3 - m.
82
Let c(d) = 4*d**2 - 12*d**2 - 55*d - d**3 - 11 - 6*d**2 - 13. Calculate the remainder when 138 is divided by c(-8).
10
Let k(a) = 3*a - 15. Suppose 0 = 5*m - i + 28, 1 + 10 = -m + 2*i. Let x be k(m). Let v = 40 + x. Calculate the remainder when 39 is divided by v.
9
What is the remainder when ((-873)/(-15))/(97/970) is divided by 15?
12
Let k be 13 + (-4)/(-3)*(-9)/(-2). Suppose 0 = f + 5*y - 39 - k, -f - y = -74. Calculate the remainder when f is divided by 28.
22
Suppose -49 = -4*c + 183. Let w = c + 109. Suppose 3*u + s = 128, 5*u - 62*s = -59*s + 218. What is the remainder when w is divided by u?
38
Let b = 1450 + -1395. Calculate the remainder when 27169 is divided by b.
54
Let d = 155 - 99. Calculate the remainder when 3*(-4 + d/6) is divided by 7.
2
Let s(z) = -3*z**2 + 49*z + 22. Let u be s(9). Suppose u = 8*f + 108. Calculate the remainder when 109 is divided by f.
11
Suppose -27*a + 20*a + 21 = 0. Suppose -a*o - 8 + 2 = 0, -2*p - 2*o + 138 = 0. Calculate the remainder when p is divided by 20.
11
Let k = 18 - 15. Suppose i - k*j + 24 = -0*i, 4*j = 2*i + 42. Calculate the remainder when 94 is divided by (-477)/i + (-2)/(-10).
30
Suppose -5*i = -4 - 21. Let s(m) = 33*m - 147. What is the remainder when 128 is divided by s(i)?
2
Let r(d) = 3*d**3 + d**2 + 4*d + 28. Calculate the remainder when r(4) is divided by 222.
30
Let p(f) = f**3 + 9*f**2 - 5*f - 14. Let o = -59 - -53. Let t be p(o). Suppose 4*n - 92 = t. What is the remainder when n is divided by 19?
16
Let l(z) = 49*z**2 - 5*z + 6. Suppose 3*b = -5 - 13. Let m(q) = -q**2 - 6*q + 1. Let t be m(b). Calculate the remainder when l(t) is divided by 13.
11
Let t(d) = 11*d + 701. Calculate the remainder when 957 is divided by t(-54).
101
Let n(j) = -2*j**2 + 15*j + 87 + 6*j - 7*j**2 + 10*j**2. Calculate the remainder when n(-23) is divided by 71.
62
Suppose -5*d + 2*k = -215, 630*d + 3*k - 215 = 625*d. What is the remainder when 168/2 + -1*2 is divided by d?
39
Suppose -84*i + 80*i = -24. Let z = -6 + 13. Calculate the remainder when z is divided by i.
1
Let t be 214 + (-3 - (-3 - 4)). Let j = t + -176.